 digit of 383016?
0
What is the tens digit of 467898?
9
What is the hundreds digit of 4315427?
4
What is the tens digit of 10702173?
7
What is the tens digit of 149093?
9
What is the millions digit of 8266776?
8
What is the hundred thousands digit of 186535?
1
What is the hundred thousands digit of 403718?
4
What is the ten millions digit of 20594531?
2
What is the hundreds digit of 325018?
0
What is the hundreds digit of 223043?
0
What is the hundred thousands digit of 630283?
6
What is the thousands digit of 174614?
4
What is the thousands digit of 79458?
9
What is the hundred thousands digit of 6191257?
1
What is the millions digit of 1057759?
1
What is the thousands digit of 107101?
7
What is the units digit of 223417?
7
What is the thousands digit of 253774?
3
What is the hundreds digit of 4242460?
4
What is the ten thousands digit of 269402?
6
What is the hundreds digit of 4586544?
5
What is the millions digit of 1042287?
1
What is the thousands digit of 9909255?
9
What is the tens digit of 3052?
5
What is the thousands digit of 2320858?
0
What is the hundred thousands digit of 201748?
2
What is the tens digit of 39156495?
9
What is the thousands digit of 12749670?
9
What is the millions digit of 20408789?
0
What is the tens digit of 6954693?
9
What is the units digit of 883828?
8
What is the millions digit of 2228584?
2
What is the tens digit of 445357?
5
What is the millions digit of 6091843?
6
What is the ten millions digit of 14133677?
1
What is the tens digit of 127075?
7
What is the thousands digit of 16293188?
3
What is the tens digit of 123232?
3
What is the hundreds digit of 2649987?
9
What is the millions digit of 1932657?
1
What is the ten thousands digit of 613926?
1
What is the tens digit of 440129?
2
What is the thousands digit of 4595700?
5
What is the thousands digit of 336861?
6
What is the hundred thousands digit of 502881?
5
What is the hundreds digit of 267921?
9
What is the ten thousands digit of 196954?
9
What is the hundreds digit of 210992?
9
What is the hundred thousands digit of 25258549?
2
What is the hundred thousands digit of 2935224?
9
What is the units digit of 500052?
2
What is the ten thousands digit of 1350002?
5
What is the ten thousands digit of 755291?
5
What is the thousands digit of 3843816?
3
What is the ten thousands digit of 2850900?
5
What is the hundreds digit of 3979106?
1
What is the thousands digit of 11919587?
9
What is the ten thousands digit of 11757110?
5
What is the hundreds digit of 238620?
6
What is the tens digit of 3956995?
9
What is the hundreds digit of 5062173?
1
What is the hundreds digit of 549139?
1
What is the tens digit of 10017044?
4
What is the tens digit of 796310?
1
What is the units digit of 436136?
6
What is the tens digit of 336277?
7
What is the hundreds digit of 4927?
9
What is the thousands digit of 2355063?
5
What is the thousands digit of 582681?
2
What is the ten thousands digit of 711411?
1
What is the hundred thousands digit of 633733?
6
What is the hundreds digit of 377457?
4
What is the units digit of 1403608?
8
What is the ten thousands digit of 642639?
4
What is the units digit of 3019137?
7
What is the tens digit of 699718?
1
What is the hundred thousands digit of 296074?
2
What is the millions digit of 1277934?
1
What is the millions digit of 4140295?
4
What is the ten thousands digit of 3241452?
4
What is the ten millions digit of 10216446?
1
What is the hundreds digit of 232995?
9
What is the tens digit of 1025556?
5
What is the thousands digit of 91690?
1
What is the units digit of 3469830?
0
What is the tens digit of 215564?
6
What is the hundreds digit of 2865925?
9
What is the ten thousands digit of 5601834?
0
What is the units digit of 620950?
0
What is the ten thousands digit of 67616?
6
What is the tens digit of 21685?
8
What is the ten thousands digit of 112909?
1
What is the hundreds digit of 20766771?
7
What is the tens digit of 4055799?
9
What is the hundred thousands digit of 1769860?
7
What is the hundred thousands digit of 4016702?
0
What is the millions digit of 8897295?
8
What is the tens digit of 415867?
6
What is the millions digit of 4020249?
4
What is the ten thousands digit of 334600?
3
What is the thousands digit of 2666270?
6
What is the hundred thousands digit of 3307607?
3
What is the ten thousands digit of 1122523?
2
What is the ten thousands digit of 1467171?
6
What is the units digit of 11904181?
1
What is the hundreds digit of 9995?
9
What is the hundreds digit of 110600?
6
What is the hundred thousands digit of 208495?
2
What is the units digit of 1028535?
5
What is the tens digit of 1700993?
9
What is the units digit of 106982?
2
What is the millions digit of 5011126?
5
What is the units digit of 1599512?
2
What is the thousands digit of 553880?
3
What is the tens digit of 133029?
2
What is the units digit of 8651692?
2
What is the tens digit of 151705?
0
What is the millions digit of 10466253?
0
What is the tens digit of 225890?
9
What is the units digit of 5971401?
1
What is the thousands digit of 10906755?
6
What is the thousands digit of 12029827?
9
What is the millions digit of 2487926?
2
What is the thousands digit of 32741566?
1
What is the tens digit of 96235?
3
What is the thousands digit of 501372?
1
What is the tens digit of 100452?
5
What is the ten thousands digit of 1307719?
0
What is the tens digit of 441814?
1
What is the ten thousands digit of 3825065?
2
What is the hundred thousands digit of 1620031?
6
What is the units digit of 434083?
3
What is the tens digit of 261741?
4
What is the units digit of 18345920?
0
What is the thousands digit of 4625161?
5
What is the tens digit of 11447778?
7
What is the hundred thousands digit of 248537?
2
What is the millions digit of 12224427?
2
What is the thousands digit of 18260333?
0
What is the millions digit of 2733218?
2
What is the units digit of 381265?
5
What is the thousands digit of 5718007?
8
What is the ten thousands digit of 298507?
9
What is the tens digit of 3733951?
5
What is the hundreds digit of 18090317?
3
What is the ten thousands digit of 1129914?
2
What is the hundreds digit of 191845?
8
What is the thousands digit of 30370?
0
What is the millions digit of 3810284?
3
What is the ten thousands digit of 3504123?
0
What is the hundred thousands digit of 133257?
1
What is the ten thousands digit of 5820648?
2
What is the thousands digit of 1638571?
8
What is the tens digit of 490815?
1
What is the thousands digit of 3398898?
8
What is the thousands digit of 5433785?
3
What is the hundreds digit of 893088?
0
What is the hundreds digit of 219807?
8
What is the ten thousands digit of 3446527?
4
What is the ten thousands digit of 12559985?
5
What is the ten thousands digit of 1379998?
7
What is the hundreds digit of 3664296?
2
What is the hundreds digit of 17171740?
7
What is the units digit of 2838708?
8
What is the millions digit of 2309557?
2
What is the tens digit of 37760739?
3
What is the tens digit of 2082247?
4
What is the ten thousands digit of 102461?
0
What is the hundred thousands digit of 6361044?
3
What is the hundred thousands digit of 4624771?
6
What is the ten thousands digit of 809404?
0
What is the units digit of 128486?
6
What is the millions digit of 2764355?
2
What is the tens digit of 315703?
0
What is the ten thousands digit of 15521382?
2
What is the tens digit of 242538?
3
What is the ten thousands digit of 2114965?
1
What is the tens digit of 5829254?
5
What is the hundred thousands digit of 252460?
2
What is the units digit of 2654955?
5
What is the thousands digit of 7784865?
4
What is the millions digit of 6723221?
6
What is the thousands digit of 32924?
2
What is the hundreds digit of 3231677?
6
What is the hundreds digit of 168457?
4
What is the units digit of 1753009?
9
What is the hundreds digit of 168860?
8
What is the tens digit of 13239678?
7
What is the thousands digit of 263605?
3
What is the ten millions digit of 10000388?
1
What is the ten thousands digit of 1435073?
3
What is the millions digit of 8739044?
8
What is the thousands digit of 470577?
0
What is the hundreds digit of 4742695?
6
What is the units digit of 58722?
2
What is the units digit of 830401?
1
What is the ten millions digit of 10401576?
1
Wh